actor of 13821?
False
Does 32 divide 7838?
False
Is 60 a factor of 1340?
False
Is 164 a factor of 18403?
False
Is 14741 a multiple of 19?
False
Is 104 a factor of 109304?
True
Does 140 divide 1120?
True
Is 18 a factor of 370?
False
Does 15 divide 204?
False
Is 125 a factor of 20941?
False
Is 3333 a multiple of 38?
False
Is 166 a multiple of 47?
False
Is 25 a factor of 3000?
True
Is 4959 a multiple of 16?
False
Is 17 a factor of 34?
True
Is 751 a multiple of 13?
False
Does 146 divide 38297?
False
Is 37 a factor of 5497?
False
Is 104478 a multiple of 22?
True
Does 8 divide 292?
False
Does 2 divide 31?
False
Does 49 divide 22099?
True
Is 41 a factor of 1640?
True
Is 22 a multiple of 22?
True
Is 7 a factor of 3495?
False
Is 119 a multiple of 21?
False
Is 179 a factor of 25597?
True
Is 30 a factor of 600?
True
Does 15 divide 1305?
True
Is 17656 a multiple of 212?
False
Is 42 a factor of 114408?
True
Is 16 a factor of 22417?
False
Is 1598 a multiple of 2?
True
Is 22 a factor of 1386?
True
Is 80 a multiple of 8?
True
Is 1456 a multiple of 18?
False
Does 6 divide 528?
True
Is 11401 a multiple of 13?
True
Is 128 a factor of 1216?
False
Does 220 divide 2860?
True
Is 8 a factor of 7944?
True
Is 78 a factor of 30186?
True
Is 35828 a multiple of 29?
False
Is 2554 a multiple of 16?
False
Does 18 divide 6156?
True
Is 1513 a multiple of 175?
False
Is 47 a factor of 1128?
True
Does 12 divide 3504?
True
Does 41 divide 83801?
False
Is 30 a factor of 150?
True
Is 4 a factor of 1720?
True
Is 256 a multiple of 16?
True
Is 11 a factor of 2618?
True
Is 28 a factor of 109493?
False
Is 2565 a multiple of 15?
True
Is 29 a multiple of 4?
False
Is 11 a factor of 77?
True
Is 3578 a multiple of 76?
False
Is 12 a factor of 14662?
False
Is 2708 even?
True
Is 12783 a multiple of 5?
False
Is 4 a factor of 3261?
False
Is 11705 a multiple of 50?
False
Is 32 a factor of 1522?
False
Does 8 divide 632?
True
Is 69 a factor of 26910?
True
Is 2568 a multiple of 3?
True
Does 36 divide 1401?
False
Is 28 a factor of 1932?
True
Is 2887 a multiple of 5?
False
Is 624 a multiple of 24?
True
Is 295 a multiple of 5?
True
Is 782 a multiple of 23?
True
Is 152 a factor of 68992?
False
Is 135 a factor of 2565?
True
Is 17 a factor of 74385?
False
Is 1447 a multiple of 23?
False
Is 126 a multiple of 7?
True
Is 25344 a multiple of 16?
True
Is 200 a multiple of 5?
True
Does 7 divide 1811?
False
Is 217 a multiple of 12?
False
Is 11 a factor of 679?
False
Is 37883 a multiple of 9?
False
Is 39 a factor of 351?
True
Is 7 a factor of 2407?
False
Is 80 a factor of 18960?
True
Is 125 a factor of 12777?
False
Is 18 a factor of 106?
False
Is 16 a factor of 247?
False
Is 1440 a multiple of 9?
True
Is 6 a factor of 1778?
False
Is 13 a factor of 1924?
True
Is 491 even?
False
Is 16 a factor of 1649?
False
Is 15672 a multiple of 24?
True
Is 111 a factor of 7104?
True
Does 187 divide 1309?
True
Does 8 divide 8009?
False
Is 30 a factor of 1369?
False
Does 8 divide 2769?
False
Does 8 divide 27920?
True
Is 244 a multiple of 8?
False
Is 29 a factor of 1808?
False
Does 178 divide 7816?
False
Does 90 divide 17617?
False
Is 44359 a multiple of 275?
False
Does 13 divide 1418?
False
Is 36 a factor of 8228?
False
Is 6526 a multiple of 75?
False
Does 24 divide 6779?
False
Is 405 a multiple of 9?
True
Does 13 divide 1729?
True
Is 57 a factor of 6783?
True
Does 23 divide 5451?
True
Does 103 divide 11598?
False
Does 15 divide 885?
True
Does 4 divide 61?
False
Is 14 a factor of 9758?
True
Is 828 a multiple of 25?
False
Does 17 divide 1794?
False
Is 268 a factor of 3636?
False
Does 3 divide 117?
True
Is 26 a factor of 6146?
False
Is 15732 a multiple of 23?
True
Does 18 divide 120654?
True
Does 25 divide 5924?
False
Does 6 divide 251?
False
Is 868 a multiple of 28?
True
Does 21 divide 4221?
True
Is 122 a factor of 5246?
True
Does 28 divide 95660?
False
Does 31 divide 144?
False
Is 75 a factor of 7200?
True
Is 53940 a multiple of 10?
True
Is 7 a factor of 20924?
False
Is 24 a factor of 480?
True
Does 7 divide 45829?
True
Is 15750 a multiple of 75?
True
Is 729 a multiple of 22?
False
Is 76 a factor of 6764?
True
Is 164 a multiple of 5?
False
Is 8221 a multiple of 7?
False
Does 10 divide 1510?
True
Does 7 divide 31816?
False
Does 98 divide 20701?
False
Is 47 a factor of 4653?
True
Is 148 a multiple of 74?
True
Is 6 a factor of 259?
False
Is 76 a factor of 1216?
True
Does 10 divide 159?
False
Does 59 divide 11439?
False
Is 56 a factor of 19295?
False
Is 28742 a multiple of 198?
False
Does 296 divide 24272?
True
Is 81016 a multiple of 19?
True
Does 10 divide 104268?
False
Is 17 a factor of 20957?
False
Is 5454 a multiple of 158?
False
Does 7 divide 3940?
False
Does 4 divide 4?
True
Does 9 divide 828?
True
Does 29 divide 1560?
False
Is 5575 a multiple of 4?
False
Is 82 a factor of 2296?
True
Is 43214 a multiple of 41?
True
Is 2107 a multiple of 43?
True
Is 624 a multiple of 26?
True
Is 709 a multiple of 10?
False
Is 23 a factor of 3536?
False
Is 369 a multiple of 3?
True
Is 119 a factor of 7858?
False
Does 12 divide 2004?
True
Is 146 a factor of 22776?
True
Does 27 divide 4131?
True
Is 41312 a multiple of 13?
False
Does 3 divide 3719?
False
Does 38 divide 76?
True
Is 8 a factor of 14278?
False
Is 26 a factor of 1151?
False
Does 2 divide 14?
True
Is 14597 a multiple of 64?
False
Is 99 a factor of 22247?
False
Is 4 a factor of 404?
True
Is 1262 a multiple of 62?
False
Does 37 divide 7770?
True
Is 1751 a multiple of 17?
True
Is 20204 a multiple of 10?
False
Is 15 a factor of 1441?
False
Is 2225 a multiple of 25?
True
Is 343 a multiple of 49?
True
Is 162 a factor of 7614?
True
Does 8 divide 9210?
False
Is 1721 a multiple of 8?
False
Does 6 divide 3155?
False
Does 2 divide 62?
True
Is 4685 a multiple of 5?
True
Is 253 a factor of 83996?
True
Does 10 divide 529?
False
Is 17 a factor of 2482?
True
Does 60 divide 120?
True
Is 16839 a multiple of 28?
False
Is 31691 a multiple of 67?
True
Does 30 divide 330?
True
Is 11411 a multiple of 217?
False
Is 30188 a multiple of 14?
False
Is 25227 a multiple of 35?
False
Is 353 a multiple of 4?
False
Is 667 a multiple of 21?
False
Is 18246 a multiple of 86?
False
Is 272 a multiple of 34?
True
Is 22 a factor of 7986?
True
Is 89 a factor of 1157?
True
Is 11 a factor of 46?
False
Does 11 divide 660?
True
Is 190 a multiple of 4?
False
Is 525 a multiple of 25?
True
Does 52 divide 15797?
False
Is 11 a factor of 2305?
False
Does 14 divide 37966?
False
Does 2 divide 5?
False
Is 33 a multiple of 11?
True
Is 14 a factor of 84?
True
Is 8 a factor of 4402?
False
Does 17 divide 289?
True
Is 21 a factor of 1236?
False
Does 12 divide 110?
False
Is 498 a multiple of 77?
False
Is 8116 a multiple of 18?
False
Is 1624 a multiple of 7?
True
Is 1044 a multiple of 9?
True
Is 28116 a multiple of 142?
True
Does 29 divide 28191?
False
Does 36 divide 683?
False
Does 18 divide 184?
False
Is 35 a factor of 1610?
True
Does 17 divide 18663?
False
Is 14 a factor of 1008?
True
Is 14 a factor of 2408?
True
Does 102 divide 7344?
True
Is 685 a multiple of 2?
False
Is 7627 a multiple of 29?
True
Does 59 divide 1003?
True
Does 115 divide 3220?
True
Is 5544 a multiple of 63?
True
Is 506 a multiple of 11?
True
Does 20 divide 4160?
True
Is 74 a multiple of 15?
False
Is 13783 a multiple of 11?
True
Is 50 a factor of 5500?
True
Does 57 divide 76790?
False
Does 3 divide 325?
False
Is 26 a factor of 792?
False
Is 3164 a multiple of 28?
True
Is 21 a factor of 315?
True
Does 18 divide 684?
True
Is 251 a multiple of 4?
False
Is 2047 a multiple of 95?
False
Is 23 a factor of 2027?
False
Is 1080 a multiple of 45?
True
Is 3658 a multiple of 31?
True
Is 300 a factor of 57192?
False
Is 35 a factor of 595?
True
Does 12 divide 1474?
False
Is 419 a multiple of 10?
False
Does 2 divide 252?
True
Is 18 a factor of 126?
True
Is 195 a multiple of 38?
False
Does 46 divide 598?
True
Is 915 a multiple of 15?
True
Is 129 a multiple of 6?
False
Is 88 a factor of 176?
True
Is 70409 a multiple of 389?
True
Does 6 divide 205?
False
Is 64 a factor of 2587?
False
Is 1477 a multiple of 58?
False
Does 17 divide 748?
True
Is 38 a factor of 8854?
True
Does 9 divide 1772?
False
Is 55080 a multiple of 10?
True
Does 37 divide 666?
True
Does 61 divide 104837?
False
Is 304 a multip